{"id":1515,"date":"2018-03-28T12:18:42","date_gmt":"2018-03-28T15:18:42","guid":{"rendered":"http:\/\/www.profiautos.com.br\/novosite\/?post_type=product&#038;p=1515"},"modified":"2020-08-18T17:03:47","modified_gmt":"2020-08-18T20:03:47","slug":"jg-de-chaves-fenda-gedore-5-pecas","status":"publish","type":"product","link":"https:\/\/www.profiautos.com.br\/novosite\/produto\/jg-de-chaves-fenda-gedore-5-pecas\/","title":{"rendered":"JG DE CHAVES FENDA GEDORE 5 PE\u00c7AS"},"content":{"rendered":"<p>PARA INFORMA\u00c7\u00d5ES DE VALORES , (85) 9 8732-1854 OU (85) 3034-1103<\/p>\n<p>&nbsp;<\/p>\n<p style=\"font-weight: 400;\"><span style=\"font-weight: inherit; font-style: inherit;\"><b><span style=\"font-style: inherit;\"><br \/>\nJogo de Chaves de Fenda Philips Gedore, 5 pe\u00e7as &#8211; 036450<\/span><\/b><\/span><\/p>\n<p style=\"font-weight: 400;\"><span style=\"font-weight: inherit; font-style: inherit;\">Jogo de chaves de fenda simples e cruzada, com 3 chaves de fenda e 2 chaves philips.<\/span><\/p>\n<p style=\"font-weight: 400;\"><b><span style=\"font-style: inherit;\">Especifica\u00e7\u00f5es:<\/span><\/b><\/p>\n<p style=\"font-weight: 400;\"><span style=\"font-weight: inherit; font-style: inherit;\">A\u00e7o Gedore-Vanadium<\/span><\/p>\n<p style=\"font-weight: 400;\"><span style=\"font-weight: inherit; font-style: inherit;\">Haste niquelada e cromada, cabo em polipropileno azul, ponta fosfatizada<\/span><\/p>\n<p style=\"font-weight: 400;\"><span style=\"font-weight: inherit; font-style: inherit;\">Chave com l\u00e2mina redonda<\/span><\/p>\n<p style=\"font-weight: 400;\"><span style=\"font-weight: inherit; font-style: inherit;\">Chave de fenda DIN 5265 e Ponta CFE DIN 5264 &#8211; Forma A<\/span><\/p>\n<p style=\"font-weight: 400;\"><span style=\"font-weight: inherit; font-style: inherit;\">Chave Phillips DIN ISO 8764-PH<\/span><\/p>\n<p style=\"font-weight: 400;\"><b><span style=\"font-style: inherit;\">Itens Inclusos<\/span><\/b><\/p>\n<p style=\"font-weight: 400;\"><span style=\"font-weight: inherit; font-style: inherit;\">3 Chaves de Fenda 150: 1\/8&#8243; x 5&#8243;, 3\/16&#8243; x 5&#8243;, 1\/4&#8243; x 6&#8243;<\/span><\/p>\n<p style=\"font-weight: 400;\"><span style=\"font-weight: inherit; font-style: inherit;\">2 Chaves Phillips 160: 3\/16&#8243; x 4&#8243; PH1, 1\/4&#8243; x 6&#8243; PH2<\/span><\/p>\n","protected":false},"excerpt":{"rendered":"<p>PARA INFORMA\u00c7\u00d5ES DE VALORES , (85) 9 8732-1854 OU (85) 3034-1103 &nbsp; Jogo de Chaves de Fenda Philips Gedore, 5 pe\u00e7as &#8211; 036450 Jogo de chaves de fenda simples e cruzada, com 3 chaves de fenda e 2 chaves philips. Especifica\u00e7\u00f5es: A\u00e7o Gedore-Vanadium Haste niquelada e cromada, cabo em polipropileno azul, ponta fosfatizada Chave com [&hellip;]<\/p>\n","protected":false},"featured_media":1512,"template":"","meta":{"_exactmetrics_skip_tracking":false,"_exactmetrics_sitenote_active":false,"_exactmetrics_sitenote_note":"","_exactmetrics_sitenote_category":0},"product_cat":[30],"product_tag":[],"class_list":{"0":"post-1515","1":"product","2":"type-product","3":"status-publish","4":"has-post-thumbnail","6":"product_cat-ferramentas","8":"first","9":"instock","10":"taxable","11":"shipping-taxable","12":"product-type-simple"},"_links":{"self":[{"href":"https:\/\/www.profiautos.com.br\/novosite\/wp-json\/wp\/v2\/product\/1515"}],"collection":[{"href":"https:\/\/www.profiautos.com.br\/novosite\/wp-json\/wp\/v2\/product"}],"about":[{"href":"https:\/\/www.profiautos.com.br\/novosite\/wp-json\/wp\/v2\/types\/product"}],"wp:featuredmedia":[{"embeddable":true,"href":"https:\/\/www.profiautos.com.br\/novosite\/wp-json\/wp\/v2\/media\/1512"}],"wp:attachment":[{"href":"https:\/\/www.profiautos.com.br\/novosite\/wp-json\/wp\/v2\/media?parent=1515"}],"wp:term":[{"taxonomy":"product_cat","embeddable":true,"href":"https:\/\/www.profiautos.com.br\/novosite\/wp-json\/wp\/v2\/product_cat?post=1515"},{"taxonomy":"product_tag","embeddable":true,"href":"https:\/\/www.profiautos.com.br\/novosite\/wp-json\/wp\/v2\/product_tag?post=1515"}],"curies":[{"name":"wp","href":"https:\/\/api.w.org\/{rel}","templated":true}]}}