{"id":1482,"date":"2018-03-27T16:21:02","date_gmt":"2018-03-27T19:21:02","guid":{"rendered":"http:\/\/www.profiautos.com.br\/novosite\/?post_type=product&#038;p=1482"},"modified":"2020-08-18T12:10:12","modified_gmt":"2020-08-18T15:10:12","slug":"compressor-de-ar-50litros","status":"publish","type":"product","link":"https:\/\/www.profiautos.com.br\/novosite\/produto\/compressor-de-ar-50litros\/","title":{"rendered":"COMPRESSOR DE AR -50LITROS"},"content":{"rendered":"<ul>\n<li>PARA INFORMA\u00c7\u00d5ES DE VALORES , (85) 9 8732-1854 OU (85) 3034-1103<br \/>\nDimens\u00e3o L x A x C (mm): 90 x 45 x 81Fase<\/li>\n<li>MonoOpc\u00f5es de tens\u00e3o (V): 127 e 220V<\/li>\n<li>Peso Bruto (Kg): 80,80<\/li>\n<li>Peso Liquido (Kg): 64,80<\/li>\n<li>Pot\u00eancia (Hp): 2<\/li>\n<li>Press\u00e3o de opera\u00e7\u00e3o m\u00e1xima (lbf\/pol\u00b2): 140<\/li>\n<\/ul>\n","protected":false},"excerpt":{"rendered":"<p>PARA INFORMA\u00c7\u00d5ES DE VALORES , (85) 9 8732-1854 OU (85) 3034-1103 Dimens\u00e3o L x A x C (mm): 90 x 45 x 81Fase MonoOpc\u00f5es de tens\u00e3o (V): 127 e 220V Peso Bruto (Kg): 80,80 Peso Liquido (Kg): 64,80 Pot\u00eancia (Hp): 2 Press\u00e3o de opera\u00e7\u00e3o m\u00e1xima (lbf\/pol\u00b2): 140<\/p>\n","protected":false},"featured_media":1483,"template":"","meta":{"_exactmetrics_skip_tracking":false,"_exactmetrics_sitenote_active":false,"_exactmetrics_sitenote_note":"","_exactmetrics_sitenote_category":0},"product_cat":[28],"product_tag":[],"class_list":{"0":"post-1482","1":"product","2":"type-product","3":"status-publish","4":"has-post-thumbnail","6":"product_cat-ar-condicionado","8":"first","9":"instock","10":"taxable","11":"shipping-taxable","12":"product-type-simple"},"_links":{"self":[{"href":"https:\/\/www.profiautos.com.br\/novosite\/wp-json\/wp\/v2\/product\/1482"}],"collection":[{"href":"https:\/\/www.profiautos.com.br\/novosite\/wp-json\/wp\/v2\/product"}],"about":[{"href":"https:\/\/www.profiautos.com.br\/novosite\/wp-json\/wp\/v2\/types\/product"}],"wp:featuredmedia":[{"embeddable":true,"href":"https:\/\/www.profiautos.com.br\/novosite\/wp-json\/wp\/v2\/media\/1483"}],"wp:attachment":[{"href":"https:\/\/www.profiautos.com.br\/novosite\/wp-json\/wp\/v2\/media?parent=1482"}],"wp:term":[{"taxonomy":"product_cat","embeddable":true,"href":"https:\/\/www.profiautos.com.br\/novosite\/wp-json\/wp\/v2\/product_cat?post=1482"},{"taxonomy":"product_tag","embeddable":true,"href":"https:\/\/www.profiautos.com.br\/novosite\/wp-json\/wp\/v2\/product_tag?post=1482"}],"curies":[{"name":"wp","href":"https:\/\/api.w.org\/{rel}","templated":true}]}}

<ul>
<li>PARA INFORMAÇÕES DE VALORES , (85) 9 8732-1854 OU (85) 3034-1103<br />
Dimensão L x A x C (mm): 90 x 45 x 81Fase</li>
<li>MonoOpcões de tensão (V): 127 e 220V</li>
<li>Peso Bruto (Kg): 80,80</li>
<li>Peso Liquido (Kg): 64,80</li>
<li>Potência (Hp): 2</li>
<li>Pressão de operação máxima (lbf/pol²): 140</li>
</ul>

<p>PARA INFORMAÇÕES DE VALORES , (85) 9 8732-1854 OU (85) 3034-1103 Dimensão L x A x C (mm): 90 x 45 x 81Fase MonoOpcões de tensão (V): 127 e 220V Peso Bruto (Kg): 80,80 Peso Liquido (Kg): 64,80 Potência (Hp): 2 Pressão de operação máxima (lbf/pol²): 140</p>
