{"id":1480,"date":"2018-03-27T16:17:11","date_gmt":"2018-03-27T19:17:11","guid":{"rendered":"http:\/\/www.profiautos.com.br\/novosite\/?post_type=product&#038;p=1480"},"modified":"2020-08-18T12:10:31","modified_gmt":"2020-08-18T15:10:31","slug":"cavalete-de-apoio-2-ton-preguica","status":"publish","type":"product","link":"https:\/\/www.profiautos.com.br\/novosite\/produto\/cavalete-de-apoio-2-ton-preguica\/","title":{"rendered":"CAVALETE DE APOIO 2 TON (PREGUI\u00c7A)"},"content":{"rendered":"<p>PARA INFORMA\u00c7\u00d5ES DE VALORES , (85) 9 8732-1854 OU (85) 3034-1103<br \/>\nCavalete de apoio com capacidade de 2 toneladas<\/p>\n<p>Cavalete de apoio com capacidade para 2 toneladas, indicado para centros de repara\u00e7\u00e3o automotiva e borracharias.<br \/>\nPintado com tinta anti-oxidante, e projetado para maior vida \u00fatil.<\/p>\n<p>Dimens\u00f5es:<br \/>\n&#8211; Base<\/p>\n<p>\u2022 Comprimento: 270mm<br \/>\n\u2022 Largura: 270mm<br \/>\n\u2022 Altura: 325mm<br \/>\n\u2022 Di\u00e2metro da base fixa(aprox.): 39mm<br \/>\n\u2022 Di\u00e2metro da haste\u00a0telesc\u00f3pica: 34mm<\/p>\n<p>-Abertura:<\/p>\n<p>\u2022 Curso min.: 325mm<br \/>\n\u2022 Curso m\u00e1x.: 515mm<\/p>\n","protected":false},"excerpt":{"rendered":"<p>PARA INFORMA\u00c7\u00d5ES DE VALORES , (85) 9 8732-1854 OU (85) 3034-1103 Cavalete de apoio com capacidade de 2 toneladas Cavalete de apoio com capacidade para 2 toneladas, indicado para centros de repara\u00e7\u00e3o automotiva e borracharias. Pintado com tinta anti-oxidante, e projetado para maior vida \u00fatil. Dimens\u00f5es: &#8211; Base \u2022 Comprimento: 270mm \u2022 Largura: 270mm \u2022 [&hellip;]<\/p>\n","protected":false},"featured_media":1481,"template":"","meta":{"_exactmetrics_skip_tracking":false,"_exactmetrics_sitenote_active":false,"_exactmetrics_sitenote_note":"","_exactmetrics_sitenote_category":0},"product_cat":[28],"product_tag":[],"class_list":{"0":"post-1480","1":"product","2":"type-product","3":"status-publish","4":"has-post-thumbnail","6":"product_cat-ar-condicionado","8":"first","9":"instock","10":"taxable","11":"shipping-taxable","12":"product-type-simple"},"_links":{"self":[{"href":"https:\/\/www.profiautos.com.br\/novosite\/wp-json\/wp\/v2\/product\/1480"}],"collection":[{"href":"https:\/\/www.profiautos.com.br\/novosite\/wp-json\/wp\/v2\/product"}],"about":[{"href":"https:\/\/www.profiautos.com.br\/novosite\/wp-json\/wp\/v2\/types\/product"}],"wp:featuredmedia":[{"embeddable":true,"href":"https:\/\/www.profiautos.com.br\/novosite\/wp-json\/wp\/v2\/media\/1481"}],"wp:attachment":[{"href":"https:\/\/www.profiautos.com.br\/novosite\/wp-json\/wp\/v2\/media?parent=1480"}],"wp:term":[{"taxonomy":"product_cat","embeddable":true,"href":"https:\/\/www.profiautos.com.br\/novosite\/wp-json\/wp\/v2\/product_cat?post=1480"},{"taxonomy":"product_tag","embeddable":true,"href":"https:\/\/www.profiautos.com.br\/novosite\/wp-json\/wp\/v2\/product_tag?post=1480"}],"curies":[{"name":"wp","href":"https:\/\/api.w.org\/{rel}","templated":true}]}}

CAVALETE DE APOIO 2 TON (PREGUIÇA)

<p>PARA INFORMAÇÕES DE VALORES , (85) 9 8732-1854 OU (85) 3034-1103<br />
Cavalete de apoio com capacidade de 2 toneladas</p>
<p>Cavalete de apoio com capacidade para 2 toneladas, indicado para centros de reparação automotiva e borracharias.<br />
Pintado com tinta anti-oxidante, e projetado para maior vida útil.</p>
<p>Dimensões:<br />
&#8211; Base</p>
<p>• Comprimento: 270mm<br />
• Largura: 270mm<br />
• Altura: 325mm<br />
• Diâmetro da base fixa(aprox.): 39mm<br />
• Diâmetro da haste telescópica: 34mm</p>
<p>-Abertura:</p>
<p>• Curso min.: 325mm<br />
• Curso máx.: 515mm</p>

<p>PARA INFORMAÇÕES DE VALORES , (85) 9 8732-1854 OU (85) 3034-1103 Cavalete de apoio com capacidade de 2 toneladas Cavalete de apoio com capacidade para 2 toneladas, indicado para centros de reparação automotiva e borracharias. Pintado com tinta anti-oxidante, e projetado para maior vida útil. Dimensões: &#8211; Base • Comprimento: 270mm • Largura: 270mm • [&hellip;]</p>
