{"id":1443,"date":"2018-03-08T09:53:16","date_gmt":"2018-03-08T12:53:16","guid":{"rendered":"http:\/\/www.profiautos.com.br\/novosite\/?post_type=product&#038;p=1443"},"modified":"2020-08-18T17:06:20","modified_gmt":"2020-08-18T20:06:20","slug":"coletor-de-oleo-cobel","status":"publish","type":"product","link":"https:\/\/www.profiautos.com.br\/novosite\/produto\/coletor-de-oleo-cobel\/","title":{"rendered":"COLETOR DE \u00d3LEO &#8211; COBEL"},"content":{"rendered":"<p>PARA INFORMA\u00c7\u00d5ES DE VALORES , (85) 9 8732-1854 OU (85) 3034-1103<\/p>\n<p>&nbsp;<\/p>\n<p>&#8211; Coletor de \u00f3leo com bacia coletora de altura regul\u00e1vel<br \/>\n&#8211; Reservat\u00f3rio em a\u00e7o com capacidade de 50 litros<br \/>\n&#8211; Equipado com carrinho refor\u00e7ado de duas rodas<\/p>\n<p>&#8211;<strong>\u00a0Dimens\u00f5es:<\/strong><br \/>\n:: Largura: 440 mm<br \/>\n:: Altura: 1300 mm<\/p>\n","protected":false},"excerpt":{"rendered":"<p>PARA INFORMA\u00c7\u00d5ES DE VALORES , (85) 9 8732-1854 OU (85) 3034-1103 &nbsp; &#8211; Coletor de \u00f3leo com bacia coletora de altura regul\u00e1vel &#8211; Reservat\u00f3rio em a\u00e7o com capacidade de 50 litros &#8211; Equipado com carrinho refor\u00e7ado de duas rodas &#8211;\u00a0Dimens\u00f5es: :: Largura: 440 mm :: Altura: 1300 mm<\/p>\n","protected":false},"featured_media":1444,"template":"","meta":{"_exactmetrics_skip_tracking":false,"_exactmetrics_sitenote_active":false,"_exactmetrics_sitenote_note":"","_exactmetrics_sitenote_category":0},"product_cat":[30],"product_tag":[],"class_list":{"0":"post-1443","1":"product","2":"type-product","3":"status-publish","4":"has-post-thumbnail","6":"product_cat-ferramentas","8":"first","9":"instock","10":"taxable","11":"shipping-taxable","12":"product-type-simple"},"_links":{"self":[{"href":"https:\/\/www.profiautos.com.br\/novosite\/wp-json\/wp\/v2\/product\/1443"}],"collection":[{"href":"https:\/\/www.profiautos.com.br\/novosite\/wp-json\/wp\/v2\/product"}],"about":[{"href":"https:\/\/www.profiautos.com.br\/novosite\/wp-json\/wp\/v2\/types\/product"}],"wp:featuredmedia":[{"embeddable":true,"href":"https:\/\/www.profiautos.com.br\/novosite\/wp-json\/wp\/v2\/media\/1444"}],"wp:attachment":[{"href":"https:\/\/www.profiautos.com.br\/novosite\/wp-json\/wp\/v2\/media?parent=1443"}],"wp:term":[{"taxonomy":"product_cat","embeddable":true,"href":"https:\/\/www.profiautos.com.br\/novosite\/wp-json\/wp\/v2\/product_cat?post=1443"},{"taxonomy":"product_tag","embeddable":true,"href":"https:\/\/www.profiautos.com.br\/novosite\/wp-json\/wp\/v2\/product_tag?post=1443"}],"curies":[{"name":"wp","href":"https:\/\/api.w.org\/{rel}","templated":true}]}}