{"id":1387,"date":"2018-01-27T09:21:18","date_gmt":"2018-01-27T12:21:18","guid":{"rendered":"http:\/\/www.profiautos.com.br\/novosite\/?post_type=product&#038;p=1387"},"modified":"2020-08-18T17:07:28","modified_gmt":"2020-08-18T20:07:28","slug":"jogo-de-soquete-25-pecas","status":"publish","type":"product","link":"https:\/\/www.profiautos.com.br\/novosite\/produto\/jogo-de-soquete-25-pecas\/","title":{"rendered":"JOGO DE SOQUETE -25 PE\u00c7AS"},"content":{"rendered":"<p>PARA INFORMA\u00c7\u00d5ES DE VALORES , (85) 9 8732-1854 OU (85) 3034-1103<\/p>\n<p>&nbsp;<\/p>\n<p>\u2022 Jogo de soquetes de 1\/2&#8243;<br \/>\n\u2022 Fabricados em a\u00e7o cromo van\u00e1dio<br \/>\n\u2022 Composi\u00e7\u00e3o: 25 pe\u00e7as, sendo elas:<br \/>\n&#8211; Catraca<br \/>\n&#8211; Adaptador 1\/2&#8243; x 3\/8&#8243;<br \/>\n&#8211; Soquete para vela sextavado &#8211; 16 e 21mm<br \/>\n&#8211; Soquete com encaixe de alta performance sextavado &#8211; 10, 11, 12, 13, 14, 15, 16, 17, 18, 19, 20, 21, 22, 23, 24, 27, 30, 32mm<br \/>\n&#8211; Extens\u00e3o 10&#8243;<br \/>\n&#8211; Extens\u00e3o 5&#8243;<br \/>\n&#8211; Junta universal<br \/>\n&#8211; Maleta pl\u00e1stica<\/p>\n","protected":false},"excerpt":{"rendered":"<p>PARA INFORMA\u00c7\u00d5ES DE VALORES , (85) 9 8732-1854 OU (85) 3034-1103 &nbsp; \u2022 Jogo de soquetes de 1\/2&#8243; \u2022 Fabricados em a\u00e7o cromo van\u00e1dio \u2022 Composi\u00e7\u00e3o: 25 pe\u00e7as, sendo elas: &#8211; Catraca &#8211; Adaptador 1\/2&#8243; x 3\/8&#8243; &#8211; Soquete para vela sextavado &#8211; 16 e 21mm &#8211; Soquete com encaixe de alta performance sextavado &#8211; [&hellip;]<\/p>\n","protected":false},"featured_media":1388,"template":"","meta":{"_exactmetrics_skip_tracking":false,"_exactmetrics_sitenote_active":false,"_exactmetrics_sitenote_note":"","_exactmetrics_sitenote_category":0},"product_cat":[30],"product_tag":[],"class_list":{"0":"post-1387","1":"product","2":"type-product","3":"status-publish","4":"has-post-thumbnail","6":"product_cat-ferramentas","8":"first","9":"instock","10":"taxable","11":"shipping-taxable","12":"product-type-simple"},"_links":{"self":[{"href":"https:\/\/www.profiautos.com.br\/novosite\/wp-json\/wp\/v2\/product\/1387"}],"collection":[{"href":"https:\/\/www.profiautos.com.br\/novosite\/wp-json\/wp\/v2\/product"}],"about":[{"href":"https:\/\/www.profiautos.com.br\/novosite\/wp-json\/wp\/v2\/types\/product"}],"wp:featuredmedia":[{"embeddable":true,"href":"https:\/\/www.profiautos.com.br\/novosite\/wp-json\/wp\/v2\/media\/1388"}],"wp:attachment":[{"href":"https:\/\/www.profiautos.com.br\/novosite\/wp-json\/wp\/v2\/media?parent=1387"}],"wp:term":[{"taxonomy":"product_cat","embeddable":true,"href":"https:\/\/www.profiautos.com.br\/novosite\/wp-json\/wp\/v2\/product_cat?post=1387"},{"taxonomy":"product_tag","embeddable":true,"href":"https:\/\/www.profiautos.com.br\/novosite\/wp-json\/wp\/v2\/product_tag?post=1387"}],"curies":[{"name":"wp","href":"https:\/\/api.w.org\/{rel}","templated":true}]}}