{"id":1350,"date":"2018-01-26T16:04:40","date_gmt":"2018-01-26T19:04:40","guid":{"rendered":"http:\/\/www.profiautos.com.br\/novosite\/?post_type=product&#038;p=1350"},"modified":"2021-07-08T10:25:33","modified_gmt":"2021-07-08T13:25:33","slug":"medidor-de-espessura-marca-minipa","status":"publish","type":"product","link":"https:\/\/www.profiautos.com.br\/novosite\/produto\/medidor-de-espessura-marca-minipa\/","title":{"rendered":"MEDIDOR DE ESPESSURA &#8211; MARCA MINIPA"},"content":{"rendered":"<p>O Medidor de Espessura de Camada sobre Base Ferrosa e Base Met\u00e1lica n\u00e3o Ferrosa MCT-401 possui design exclusivo com tela LCD de 3 \u00b9\/\u00b2 d\u00edgitos e um display todo iluminado, nas cores azul e branco, foi projetado exclusivamente para poder ser utilizado apenas com uma m\u00e3o.<\/p>\n<p><strong>Princ\u00edpio de funcionamento<\/strong><\/p>\n<p>O Medidor de Espessura de Camada sobre Base Ferrosa e Base Met\u00e1lica N\u00e3o Ferrosa Minipa MCT-401 utiliza um sensor magn\u00e9tico, para efetuar medidas de espessura de camadas aplicadas sobre uma base ferrosa. Caso o ambiente em que a medi\u00e7\u00e3o ser\u00e1 realizada possuir 20mG (mili Gauss) ou acima, a precis\u00e3o do instrumento ser\u00e1 afetada. Para este caso o instrumento deve ser colocado a uma dist\u00e2ncia de pelo menos 30cm. OBS: Observe sempre se a superf\u00edcie est\u00e1 livre de sujeira, p\u00f3, ou outras part\u00edculas que possam interferir na medi\u00e7\u00e3o de espessura.<\/p>\n","protected":false},"excerpt":{"rendered":"<p>O Medidor de Espessura de Camada sobre Base Ferrosa e Base Met\u00e1lica n\u00e3o Ferrosa MCT-401 possui design exclusivo com tela LCD de 3 \u00b9\/\u00b2 d\u00edgitos e um display todo iluminado, nas cores azul e branco, foi projetado exclusivamente para poder ser utilizado apenas com uma m\u00e3o. Princ\u00edpio de funcionamento O Medidor de Espessura de Camada [&hellip;]<\/p>\n","protected":false},"featured_media":1351,"template":"","meta":{"_exactmetrics_skip_tracking":false,"_exactmetrics_sitenote_active":false,"_exactmetrics_sitenote_note":"","_exactmetrics_sitenote_category":0},"product_cat":[30],"product_tag":[],"class_list":{"0":"post-1350","1":"product","2":"type-product","3":"status-publish","4":"has-post-thumbnail","6":"product_cat-ferramentas","8":"first","9":"instock","10":"taxable","11":"shipping-taxable","12":"product-type-simple"},"_links":{"self":[{"href":"https:\/\/www.profiautos.com.br\/novosite\/wp-json\/wp\/v2\/product\/1350"}],"collection":[{"href":"https:\/\/www.profiautos.com.br\/novosite\/wp-json\/wp\/v2\/product"}],"about":[{"href":"https:\/\/www.profiautos.com.br\/novosite\/wp-json\/wp\/v2\/types\/product"}],"wp:featuredmedia":[{"embeddable":true,"href":"https:\/\/www.profiautos.com.br\/novosite\/wp-json\/wp\/v2\/media\/1351"}],"wp:attachment":[{"href":"https:\/\/www.profiautos.com.br\/novosite\/wp-json\/wp\/v2\/media?parent=1350"}],"wp:term":[{"taxonomy":"product_cat","embeddable":true,"href":"https:\/\/www.profiautos.com.br\/novosite\/wp-json\/wp\/v2\/product_cat?post=1350"},{"taxonomy":"product_tag","embeddable":true,"href":"https:\/\/www.profiautos.com.br\/novosite\/wp-json\/wp\/v2\/product_tag?post=1350"}],"curies":[{"name":"wp","href":"https:\/\/api.w.org\/{rel}","templated":true}]}}